{"id":316,"date":"2024-05-08T10:18:29","date_gmt":"2024-05-08T08:18:29","guid":{"rendered":"https:\/\/rheinpalais.hhvision.de\/?page_id=316"},"modified":"2025-03-07T06:54:13","modified_gmt":"2025-03-07T05:54:13","slug":"kontakt","status":"publish","type":"page","link":"https:\/\/rhein-palais-bonn.de\/en\/kontakt\/","title":{"rendered":"Contact"},"content":{"rendered":"<div data-elementor-type=\"wp-page\" data-elementor-id=\"316\" class=\"elementor elementor-316\" data-elementor-post-type=\"page\">\n\t\t\t\t<div class=\"elementor-element elementor-element-da713b8 kontaktteam sectionpaddingtop pagemargin e-con-full e-flex e-con e-parent\" data-id=\"da713b8\" data-element_type=\"container\">\n\t\t<div class=\"elementor-element elementor-element-b73864e widegap e-flex e-con-boxed e-con e-child\" data-id=\"b73864e\" data-element_type=\"container\">\n\t\t\t\t\t<div class=\"e-con-inner\">\n\t\t<div class=\"elementor-element elementor-element-0ee574b e-con-full text e-flex e-con e-child\" data-id=\"0ee574b\" data-element_type=\"container\">\n\t\t\t\t<div class=\"elementor-element elementor-element-063cc01 elementor-widget elementor-widget-spacer\" data-id=\"063cc01\" data-element_type=\"widget\" data-widget_type=\"spacer.default\">\n\t\t\t\t<div class=\"elementor-widget-container\">\n\t\t\t<style>\/*! elementor - v3.21.0 - 30-04-2024 *\/\n.elementor-column .elementor-spacer-inner{height:var(--spacer-size)}.e-con{--container-widget-width:100%}.e-con-inner>.elementor-widget-spacer,.e-con>.elementor-widget-spacer{width:var(--container-widget-width,var(--spacer-size));--align-self:var(--container-widget-align-self,initial);--flex-shrink:0}.e-con-inner>.elementor-widget-spacer>.elementor-widget-container,.e-con>.elementor-widget-spacer>.elementor-widget-container{height:100%;width:100%}.e-con-inner>.elementor-widget-spacer>.elementor-widget-container>.elementor-spacer,.e-con>.elementor-widget-spacer>.elementor-widget-container>.elementor-spacer{height:100%}.e-con-inner>.elementor-widget-spacer>.elementor-widget-container>.elementor-spacer>.elementor-spacer-inner,.e-con>.elementor-widget-spacer>.elementor-widget-container>.elementor-spacer>.elementor-spacer-inner{height:var(--container-widget-height,var(--spacer-size))}.e-con-inner>.elementor-widget-spacer.elementor-widget-empty,.e-con>.elementor-widget-spacer.elementor-widget-empty{position:relative;min-height:22px;min-width:22px}.e-con-inner>.elementor-widget-spacer.elementor-widget-empty .elementor-widget-empty-icon,.e-con>.elementor-widget-spacer.elementor-widget-empty .elementor-widget-empty-icon{position:absolute;top:0;bottom:0;left:0;right:0;margin:auto;padding:0;width:22px;height:22px}<\/style>\t\t<div class=\"elementor-spacer\">\n\t\t\t<div class=\"elementor-spacer-inner\"><\/div>\n\t\t<\/div>\n\t\t\t\t<\/div>\n\t\t\t\t<\/div>\n\t\t\t\t<div class=\"elementor-element elementor-element-477262e smallh2 gold elementor-widget elementor-widget-text-editor\" data-id=\"477262e\" data-element_type=\"widget\" data-widget_type=\"text-editor.default\">\n\t\t\t\t<div class=\"elementor-widget-container\">\n\t\t\t<style>\/*! elementor - v3.21.0 - 30-04-2024 *\/\n.elementor-widget-text-editor.elementor-drop-cap-view-stacked .elementor-drop-cap{background-color:#69727d;color:#fff}.elementor-widget-text-editor.elementor-drop-cap-view-framed .elementor-drop-cap{color:#69727d;border:3px solid;background-color:transparent}.elementor-widget-text-editor:not(.elementor-drop-cap-view-default) .elementor-drop-cap{margin-top:8px}.elementor-widget-text-editor:not(.elementor-drop-cap-view-default) .elementor-drop-cap-letter{width:1em;height:1em}.elementor-widget-text-editor .elementor-drop-cap{float:left;text-align:center;line-height:1;font-size:50px}.elementor-widget-text-editor .elementor-drop-cap-letter{display:inline-block}<\/style>\t\t\t\t<h2>Magdalena Krok<\/h2>\n<p><strong>Senior Civil Engineer, Dipl. Ing.<br><\/strong>Project Manager, Rhein-Palais Bonn<\/p>\t\t\t\t\t\t<\/div>\n\t\t\t\t<\/div>\n\t\t\t\t<div class=\"elementor-element elementor-element-4850180 smallh2 gold elementor-widget elementor-widget-text-editor\" data-id=\"4850180\" data-element_type=\"widget\" data-widget_type=\"text-editor.default\">\n\t\t\t\t<div class=\"elementor-widget-container\">\n\t\t\t\t\t\t\t<p>Responsible for planning, implementing, and managing projects in all phases\u2014from preliminary planning to the construction phase to follow-up\u2014and serving as the central point of contact for all phase-specific issues relating to construction projects.<\/p>\t\t\t\t\t\t<\/div>\n\t\t\t\t<\/div>\n\t\t\t\t<div class=\"elementor-element elementor-element-e6865ea gold largetext elementor-widget elementor-widget-text-editor\" data-id=\"e6865ea\" data-element_type=\"widget\" data-widget_type=\"text-editor.default\">\n\t\t\t\t<div class=\"elementor-widget-container\">\n\t\t\t\t\t\t\t<p><a href=\"mailto:m.krok@rhein-palais-bonn.de\">m.krok@rhein-palais-bonn.de<\/a><br \/><a href=\"tel:+4917670212329\">+49 176 702 123 29<\/a><\/p>\t\t\t\t\t\t<\/div>\n\t\t\t\t<\/div>\n\t\t\t\t<div class=\"elementor-element elementor-element-1557a3c elementor-widget elementor-widget-spacer\" data-id=\"1557a3c\" data-element_type=\"widget\" data-widget_type=\"spacer.default\">\n\t\t\t\t<div class=\"elementor-widget-container\">\n\t\t\t\t\t<div class=\"elementor-spacer\">\n\t\t\t<div class=\"elementor-spacer-inner\"><\/div>\n\t\t<\/div>\n\t\t\t\t<\/div>\n\t\t\t\t<\/div>\n\t\t\t\t<\/div>\n\t\t<div class=\"elementor-element elementor-element-3b9b640 portrait e-flex e-con-boxed e-con e-child\" data-id=\"3b9b640\" data-element_type=\"container\">\n\t\t\t\t\t<div class=\"e-con-inner\">\n\t\t\t\t<div class=\"elementor-element elementor-element-8893787 elementor-widget elementor-widget-image\" data-id=\"8893787\" data-element_type=\"widget\" data-widget_type=\"image.default\">\n\t\t\t\t<div class=\"elementor-widget-container\">\n\t\t\t<style>\/*! elementor - v3.21.0 - 30-04-2024 *\/\n.elementor-widget-image{text-align:center}.elementor-widget-image a{display:inline-block}.elementor-widget-image a img[src$=\".svg\"]{width:48px}.elementor-widget-image img{vertical-align:middle;display:inline-block}<\/style>\t\t\t\t\t\t\t\t\t\t<img fetchpriority=\"high\" decoding=\"async\" width=\"640\" height=\"860\" src=\"https:\/\/rhein-palais-bonn.de\/wp-content\/uploads\/4595d-RheinPalais-Hohr-Kontakt-Magdalena-Krok.webp\" class=\"attachment-full size-full wp-image-4398\" alt=\"Foto: Portrait Frau Magdalena Krok, leitende Bauingenieurin bei Ewald Hohr Projektentwicklungen, Projektleiterin Rhein-Palais Bonn\" srcset=\"https:\/\/rhein-palais-bonn.de\/wp-content\/uploads\/4595d-RheinPalais-Hohr-Kontakt-Magdalena-Krok.webp 640w, https:\/\/rhein-palais-bonn.de\/wp-content\/uploads\/4595d-RheinPalais-Hohr-Kontakt-Magdalena-Krok-223x300.webp 223w\" sizes=\"(max-width: 640px) 100vw, 640px\" \/>\t\t\t\t\t\t\t\t\t\t\t\t\t<\/div>\n\t\t\t\t<\/div>\n\t\t\t\t\t<\/div>\n\t\t\t\t<\/div>\n\t\t\t\t\t<\/div>\n\t\t\t\t<\/div>\n\t\t\t\t<\/div>\n\t\t<div class=\"elementor-element elementor-element-e6b31cb e-con-full sectionpadding pagemargin e-flex e-con e-parent\" data-id=\"e6b31cb\" data-element_type=\"container\" id=\"intro\" data-settings=\"{&quot;background_background&quot;:&quot;classic&quot;}\">\n\t\t\t\t<div class=\"elementor-element elementor-element-193e4e3 schnoerkel1 elementor-widget elementor-widget-image\" data-id=\"193e4e3\" data-element_type=\"widget\" data-widget_type=\"image.default\">\n\t\t\t\t<div class=\"elementor-widget-container\">\n\t\t\t\t\t\t\t\t\t\t\t\t\t<img decoding=\"async\" width=\"400\" height=\"1000\" src=\"https:\/\/rhein-palais-bonn.de\/wp-content\/uploads\/4595d-Schnoerkel_01.png\" class=\"attachment-full size-full wp-image-110\" alt=\"Grafik: Ornament als Hintergrund\" srcset=\"https:\/\/rhein-palais-bonn.de\/wp-content\/uploads\/4595d-Schnoerkel_01.png 400w, https:\/\/rhein-palais-bonn.de\/wp-content\/uploads\/4595d-Schnoerkel_01-120x300.png 120w\" sizes=\"(max-width: 400px) 100vw, 400px\" \/>\t\t\t\t\t\t\t\t\t\t\t\t\t<\/div>\n\t\t\t\t<\/div>\n\t\t<div class=\"elementor-element elementor-element-0ac028b introcontent widegap e-flex e-con-boxed e-con e-child\" data-id=\"0ac028b\" data-element_type=\"container\">\n\t\t\t\t\t<div class=\"e-con-inner\">\n\t\t<div class=\"elementor-element elementor-element-7d9719a e-con-full hohrkontakt e-flex e-con e-child\" data-id=\"7d9719a\" data-element_type=\"container\">\n\t\t<div class=\"elementor-element elementor-element-6f63049 e-flex e-con-boxed e-con e-child\" data-id=\"6f63049\" data-element_type=\"container\">\n\t\t\t\t\t<div class=\"e-con-inner\">\n\t\t\t\t<div class=\"elementor-element elementor-element-73f60f3 largetext elementor-widget elementor-widget-text-editor\" data-id=\"73f60f3\" data-element_type=\"widget\" data-widget_type=\"text-editor.default\">\n\t\t\t\t<div class=\"elementor-widget-container\">\n\t\t\t\t\t\t\t<p>Ewald Hohr<br \/>Projektentwicklungen<\/p>\t\t\t\t\t\t<\/div>\n\t\t\t\t<\/div>\n\t\t\t\t<div class=\"elementor-element elementor-element-b112ae9 elementor-widget elementor-widget-text-editor\" data-id=\"b112ae9\" data-element_type=\"widget\" data-widget_type=\"text-editor.default\">\n\t\t\t\t<div class=\"elementor-widget-container\">\n\t\t\t\t\t\t\t<p>M\u00fchlenbach 20-24<br \/>50676 K\u00f6ln<br \/>+49 221 5800 0<br \/><a href=\"mailto:info@hohr.de\">info@hohr.de<\/a><br \/><a href=\"http:\/\/www.hohr.de\" target=\"_blank\" rel=\"noopener\">www.hohr.de<\/a><\/p>\t\t\t\t\t\t<\/div>\n\t\t\t\t<\/div>\n\t\t\t\t\t<\/div>\n\t\t\t\t<\/div>\n\t\t<div class=\"elementor-element elementor-element-2f2dbd0 e-flex e-con-boxed e-con e-child\" data-id=\"2f2dbd0\" data-element_type=\"container\">\n\t\t\t\t\t<div class=\"e-con-inner\">\n\t\t\t\t<div class=\"elementor-element elementor-element-e1dc8e1 hohrlogo elementor-widget elementor-widget-image\" data-id=\"e1dc8e1\" data-element_type=\"widget\" data-widget_type=\"image.default\">\n\t\t\t\t<div class=\"elementor-widget-container\">\n\t\t\t\t\t\t\t\t\t\t\t\t\t<img decoding=\"async\" width=\"500\" height=\"330\" src=\"https:\/\/rhein-palais-bonn.de\/wp-content\/uploads\/4595d-Hohr-Logo.webp\" class=\"attachment-full size-full wp-image-3112\" alt=\"Grafik: Logo Ewald Hohr Projektentwicklungen\" srcset=\"https:\/\/rhein-palais-bonn.de\/wp-content\/uploads\/4595d-Hohr-Logo.webp 500w, https:\/\/rhein-palais-bonn.de\/wp-content\/uploads\/4595d-Hohr-Logo-300x198.webp 300w\" sizes=\"(max-width: 500px) 100vw, 500px\" \/>\t\t\t\t\t\t\t\t\t\t\t\t\t<\/div>\n\t\t\t\t<\/div>\n\t\t\t\t<div class=\"elementor-element elementor-element-d0471cd elementor-widget elementor-widget-spacer\" data-id=\"d0471cd\" data-element_type=\"widget\" data-widget_type=\"spacer.default\">\n\t\t\t\t<div class=\"elementor-widget-container\">\n\t\t\t\t\t<div class=\"elementor-spacer\">\n\t\t\t<div class=\"elementor-spacer-inner\"><\/div>\n\t\t<\/div>\n\t\t\t\t<\/div>\n\t\t\t\t<\/div>\n\t\t\t\t\t<\/div>\n\t\t\t\t<\/div>\n\t\t\t\t<\/div>\n\t\t<div class=\"elementor-element elementor-element-6bf188a e-con-full e-flex e-con e-child\" data-id=\"6bf188a\" data-element_type=\"container\">\n\t\t\t\t<div class=\"elementor-element elementor-element-d19c1c4 elementor-widget elementor-widget-text-editor\" data-id=\"d19c1c4\" data-element_type=\"widget\" data-widget_type=\"text-editor.default\">\n\t\t\t\t<div class=\"elementor-widget-container\">\n\t\t\t\t\t\t\t<p><strong>Contact us and experience the Rhein-Palais Bonn for yourself.<\/strong><\/p>\n<p>The Rhein-Palais Bonn is a unique office complex thanks to its overall architectural appearance, innovative technical building equipment, unique green outdoor facilities, and picturesque surroundings. Its central location in the Bonner Bogen also makes it an ideal location for innovative companies that value elegance and well-thought-out building concepts at the highest technical level.<\/p>\n<p>See for yourself and visit us on site. The magic that emanates from the Rhein-Palais will captivate you too. This could be the new and prestigious location for your company.<\/p>\n<p><strong>We look forward to your visit and are available to answer any questions or concerns you may have. Contact us today!<\/strong><\/p>\t\t\t\t\t\t<\/div>\n\t\t\t\t<\/div>\n\t\t\t\t<\/div>\n\t\t\t\t\t<\/div>\n\t\t\t\t<\/div>\n\t\t\t\t<\/div>\n\t\t\t\t<\/div>","protected":false},"excerpt":{"rendered":"<p>Magdalena Krok Leitende Bauingenieurin, Dipl. Ing.Projektleiterin Rhein-Palais Bonn Verantwortlich f\u00fcr die Planung, Durchf\u00fchrung und Steuerung der Projekte in allen Phasen &#8211; von der Vorplanung \u00fcber die Bauphase bis hin zur Nachbereitung und zentrale Ansprechpartnerin f\u00fcr alle phasenspezifischen Themen rund um die Bauprojekte. m.krok@rhein-palais-bonn.de+49 176 702 123 29 Ewald HohrProjektentwicklungen M\u00fchlenbach 20-2450676 K\u00f6ln+49 221 5800 0info@hohr.dewww.hohr.de [&hellip;]<\/p>","protected":false},"author":2,"featured_media":0,"parent":0,"menu_order":70,"comment_status":"closed","ping_status":"closed","template":"elementor_header_footer","meta":{"footnotes":""},"class_list":["post-316","page","type-page","status-publish","hentry"],"_links":{"self":[{"href":"https:\/\/rhein-palais-bonn.de\/en\/wp-json\/wp\/v2\/pages\/316","targetHints":{"allow":["GET"]}}],"collection":[{"href":"https:\/\/rhein-palais-bonn.de\/en\/wp-json\/wp\/v2\/pages"}],"about":[{"href":"https:\/\/rhein-palais-bonn.de\/en\/wp-json\/wp\/v2\/types\/page"}],"author":[{"embeddable":true,"href":"https:\/\/rhein-palais-bonn.de\/en\/wp-json\/wp\/v2\/users\/2"}],"replies":[{"embeddable":true,"href":"https:\/\/rhein-palais-bonn.de\/en\/wp-json\/wp\/v2\/comments?post=316"}],"version-history":[{"count":0,"href":"https:\/\/rhein-palais-bonn.de\/en\/wp-json\/wp\/v2\/pages\/316\/revisions"}],"wp:attachment":[{"href":"https:\/\/rhein-palais-bonn.de\/en\/wp-json\/wp\/v2\/media?parent=316"}],"curies":[{"name":"wp","href":"https:\/\/api.w.org\/{rel}","templated":true}]}}

<div data-elementor-type="wp-page" data-elementor-id="316" class="elementor elementor-316" data-elementor-post-type="page">
				<div class="elementor-element elementor-element-da713b8 kontaktteam sectionpaddingtop pagemargin e-con-full e-flex e-con e-parent" data-id="da713b8" data-element_type="container">
		<div class="elementor-element elementor-element-b73864e widegap e-flex e-con-boxed e-con e-child" data-id="b73864e" data-element_type="container">
					<div class="e-con-inner">
		<div class="elementor-element elementor-element-0ee574b e-con-full text e-flex e-con e-child" data-id="0ee574b" data-element_type="container">
				<div class="elementor-element elementor-element-063cc01 elementor-widget elementor-widget-spacer" data-id="063cc01" data-element_type="widget" data-widget_type="spacer.default">
				<div class="elementor-widget-container">
			<style>/*! elementor - v3.21.0 - 30-04-2024 */
.elementor-column .elementor-spacer-inner{height:var(--spacer-size)}.e-con{--container-widget-width:100%}.e-con-inner>.elementor-widget-spacer,.e-con>.elementor-widget-spacer{width:var(--container-widget-width,var(--spacer-size));--align-self:var(--container-widget-align-self,initial);--flex-shrink:0}.e-con-inner>.elementor-widget-spacer>.elementor-widget-container,.e-con>.elementor-widget-spacer>.elementor-widget-container{height:100%;width:100%}.e-con-inner>.elementor-widget-spacer>.elementor-widget-container>.elementor-spacer,.e-con>.elementor-widget-spacer>.elementor-widget-container>.elementor-spacer{height:100%}.e-con-inner>.elementor-widget-spacer>.elementor-widget-container>.elementor-spacer>.elementor-spacer-inner,.e-con>.elementor-widget-spacer>.elementor-widget-container>.elementor-spacer>.elementor-spacer-inner{height:var(--container-widget-height,var(--spacer-size))}.e-con-inner>.elementor-widget-spacer.elementor-widget-empty,.e-con>.elementor-widget-spacer.elementor-widget-empty{position:relative;min-height:22px;min-width:22px}.e-con-inner>.elementor-widget-spacer.elementor-widget-empty .elementor-widget-empty-icon,.e-con>.elementor-widget-spacer.elementor-widget-empty .elementor-widget-empty-icon{position:absolute;top:0;bottom:0;left:0;right:0;margin:auto;padding:0;width:22px;height:22px}</style>		<div class="elementor-spacer">
			<div class="elementor-spacer-inner"></div>
		</div>
				</div>
				</div>
				<div class="elementor-element elementor-element-477262e smallh2 gold elementor-widget elementor-widget-text-editor" data-id="477262e" data-element_type="widget" data-widget_type="text-editor.default">
				<div class="elementor-widget-container">
			<style>/*! elementor - v3.21.0 - 30-04-2024 */
.elementor-widget-text-editor.elementor-drop-cap-view-stacked .elementor-drop-cap{background-color:#69727d;color:#fff}.elementor-widget-text-editor.elementor-drop-cap-view-framed .elementor-drop-cap{color:#69727d;border:3px solid;background-color:transparent}.elementor-widget-text-editor:not(.elementor-drop-cap-view-default) .elementor-drop-cap{margin-top:8px}.elementor-widget-text-editor:not(.elementor-drop-cap-view-default) .elementor-drop-cap-letter{width:1em;height:1em}.elementor-widget-text-editor .elementor-drop-cap{float:left;text-align:center;line-height:1;font-size:50px}.elementor-widget-text-editor .elementor-drop-cap-letter{display:inline-block}</style>				<h2>Magdalena Krok</h2>
<p><strong>Senior Civil Engineer, Dipl. Ing.<br></strong>Project Manager, Rhein-Palais Bonn</p>						</div>
				</div>
				<div class="elementor-element elementor-element-4850180 smallh2 gold elementor-widget elementor-widget-text-editor" data-id="4850180" data-element_type="widget" data-widget_type="text-editor.default">
				<div class="elementor-widget-container">
							<p>Responsible for planning, implementing, and managing projects in all phases—from preliminary planning to the construction phase to follow-up—and serving as the central point of contact for all phase-specific issues relating to construction projects.</p>						</div>
				</div>
				<div class="elementor-element elementor-element-e6865ea gold largetext elementor-widget elementor-widget-text-editor" data-id="e6865ea" data-element_type="widget" data-widget_type="text-editor.default">
				<div class="elementor-widget-container">
							<p><a href="mailto:m.krok@rhein-palais-bonn.de">m.krok@rhein-palais-bonn.de</a><br /><a href="tel:+4917670212329">+49 176 702 123 29</a></p>						</div>
				</div>
				<div class="elementor-element elementor-element-1557a3c elementor-widget elementor-widget-spacer" data-id="1557a3c" data-element_type="widget" data-widget_type="spacer.default">
				<div class="elementor-widget-container">
					<div class="elementor-spacer">
			<div class="elementor-spacer-inner"></div>
		</div>
				</div>
				</div>
				</div>
		<div class="elementor-element elementor-element-3b9b640 portrait e-flex e-con-boxed e-con e-child" data-id="3b9b640" data-element_type="container">
					<div class="e-con-inner">
				<div class="elementor-element elementor-element-8893787 elementor-widget elementor-widget-image" data-id="8893787" data-element_type="widget" data-widget_type="image.default">
				<div class="elementor-widget-container">
			<style>/*! elementor - v3.21.0 - 30-04-2024 */
.elementor-widget-image{text-align:center}.elementor-widget-image a{display:inline-block}.elementor-widget-image a img[src$=".svg"]{width:48px}.elementor-widget-image img{vertical-align:middle;display:inline-block}</style>										<img fetchpriority="high" decoding="async" width="640" height="860" src="https://rhein-palais-bonn.de/wp-content/uploads/4595d-RheinPalais-Hohr-Kontakt-Magdalena-Krok.webp" class="attachment-full size-full wp-image-4398" alt="Foto: Portrait Frau Magdalena Krok, leitende Bauingenieurin bei Ewald Hohr Projektentwicklungen, Projektleiterin Rhein-Palais Bonn" srcset="https://rhein-palais-bonn.de/wp-content/uploads/4595d-RheinPalais-Hohr-Kontakt-Magdalena-Krok.webp 640w, https://rhein-palais-bonn.de/wp-content/uploads/4595d-RheinPalais-Hohr-Kontakt-Magdalena-Krok-223x300.webp 223w" sizes="(max-width: 640px) 100vw, 640px" />													</div>
				</div>
					</div>
				</div>
					</div>
				</div>
				</div>
		<div class="elementor-element elementor-element-e6b31cb e-con-full sectionpadding pagemargin e-flex e-con e-parent" data-id="e6b31cb" data-element_type="container" id="intro" data-settings="{&quot;background_background&quot;:&quot;classic&quot;}">
				<div class="elementor-element elementor-element-193e4e3 schnoerkel1 elementor-widget elementor-widget-image" data-id="193e4e3" data-element_type="widget" data-widget_type="image.default">
				<div class="elementor-widget-container">
													<img decoding="async" width="400" height="1000" src="https://rhein-palais-bonn.de/wp-content/uploads/4595d-Schnoerkel_01.png" class="attachment-full size-full wp-image-110" alt="Grafik: Ornament als Hintergrund" srcset="https://rhein-palais-bonn.de/wp-content/uploads/4595d-Schnoerkel_01.png 400w, https://rhein-palais-bonn.de/wp-content/uploads/4595d-Schnoerkel_01-120x300.png 120w" sizes="(max-width: 400px) 100vw, 400px" />													</div>
				</div>
		<div class="elementor-element elementor-element-0ac028b introcontent widegap e-flex e-con-boxed e-con e-child" data-id="0ac028b" data-element_type="container">
					<div class="e-con-inner">
		<div class="elementor-element elementor-element-7d9719a e-con-full hohrkontakt e-flex e-con e-child" data-id="7d9719a" data-element_type="container">
		<div class="elementor-element elementor-element-6f63049 e-flex e-con-boxed e-con e-child" data-id="6f63049" data-element_type="container">
					<div class="e-con-inner">
				<div class="elementor-element elementor-element-73f60f3 largetext elementor-widget elementor-widget-text-editor" data-id="73f60f3" data-element_type="widget" data-widget_type="text-editor.default">
				<div class="elementor-widget-container">
							<p>Ewald Hohr<br />Projektentwicklungen</p>						</div>
				</div>
				<div class="elementor-element elementor-element-b112ae9 elementor-widget elementor-widget-text-editor" data-id="b112ae9" data-element_type="widget" data-widget_type="text-editor.default">
				<div class="elementor-widget-container">
							<p>Mühlenbach 20-24<br />50676 Köln<br />+49 221 5800 0<br /><a href="mailto:info@hohr.de">info@hohr.de</a><br /><a href="http://www.hohr.de" target="_blank" rel="noopener">www.hohr.de</a></p>						</div>
				</div>
					</div>
				</div>
		<div class="elementor-element elementor-element-2f2dbd0 e-flex e-con-boxed e-con e-child" data-id="2f2dbd0" data-element_type="container">
					<div class="e-con-inner">
				<div class="elementor-element elementor-element-e1dc8e1 hohrlogo elementor-widget elementor-widget-image" data-id="e1dc8e1" data-element_type="widget" data-widget_type="image.default">
				<div class="elementor-widget-container">
													<img decoding="async" width="500" height="330" src="https://rhein-palais-bonn.de/wp-content/uploads/4595d-Hohr-Logo.webp" class="attachment-full size-full wp-image-3112" alt="Grafik: Logo Ewald Hohr Projektentwicklungen" srcset="https://rhein-palais-bonn.de/wp-content/uploads/4595d-Hohr-Logo.webp 500w, https://rhein-palais-bonn.de/wp-content/uploads/4595d-Hohr-Logo-300x198.webp 300w" sizes="(max-width: 500px) 100vw, 500px" />													</div>
				</div>
				<div class="elementor-element elementor-element-d0471cd elementor-widget elementor-widget-spacer" data-id="d0471cd" data-element_type="widget" data-widget_type="spacer.default">
				<div class="elementor-widget-container">
					<div class="elementor-spacer">
			<div class="elementor-spacer-inner"></div>
		</div>
				</div>
				</div>
					</div>
				</div>
				</div>
		<div class="elementor-element elementor-element-6bf188a e-con-full e-flex e-con e-child" data-id="6bf188a" data-element_type="container">
				<div class="elementor-element elementor-element-d19c1c4 elementor-widget elementor-widget-text-editor" data-id="d19c1c4" data-element_type="widget" data-widget_type="text-editor.default">
				<div class="elementor-widget-container">
							<p><strong>Contact us and experience the Rhein-Palais Bonn for yourself.</strong></p>
<p>The Rhein-Palais Bonn is a unique office complex thanks to its overall architectural appearance, innovative technical building equipment, unique green outdoor facilities, and picturesque surroundings. Its central location in the Bonner Bogen also makes it an ideal location for innovative companies that value elegance and well-thought-out building concepts at the highest technical level.</p>
<p>See for yourself and visit us on site. The magic that emanates from the Rhein-Palais will captivate you too. This could be the new and prestigious location for your company.</p>
<p><strong>We look forward to your visit and are available to answer any questions or concerns you may have. Contact us today!</strong></p>						</div>
				</div>
				</div>
					</div>
				</div>
				</div>
				</div>

<p>Magdalena Krok Leitende Bauingenieurin, Dipl. Ing.Projektleiterin Rhein-Palais Bonn Verantwortlich für die Planung, Durchführung und Steuerung der Projekte in allen Phasen &#8211; von der Vorplanung über die Bauphase bis hin zur Nachbereitung und zentrale Ansprechpartnerin für alle phasenspezifischen Themen rund um die Bauprojekte. m.krok@rhein-palais-bonn.de+49 176 702 123 29 Ewald HohrProjektentwicklungen Mühlenbach 20-2450676 Köln+49 221 5800 0info@hohr.dewww.hohr.de [&hellip;]</p>
